 -23?
-32dc7
In base 10, what is 2929 + 1000?
3929
In base 9, what is -5 - -111650458?
111650453
In base 2, what is 101111000011111 + 1111001100?
110000111101011
In base 16, what is -1699a + 6f9?
-162a1
In base 6, what is 443355 + -23133?
420222
In base 4, what is -233001322200102 + -11?
-233001322200113
In base 4, what is 2022333013120 + 1?
2022333013121
In base 14, what is 7 - -1337db?
133804
In base 11, what is 294a061 - -12?
294a073
In base 8, what is 132 - -3442273?
3442425
In base 9, what is 1107 - -22823?
24031
In base 6, what is -1341350135 - 10?
-1341350145
In base 11, what is 250574a3 + -5?
25057499
In base 6, what is -253015154 - 1203?
-253020401
In base 11, what is -433646 + -6?
-433651
In base 14, what is -28 - -1c90?
1c66
In base 9, what is 55 - 1461020?
-1460854
In base 8, what is -170656575 - 3?
-170656600
In base 15, what is d + 49e80?
49e8d
In base 13, what is -c947b + -1a3?
-c9651
In base 5, what is -24104 - -410330?
331221
In base 4, what is -11 + 10032120203?
10032120132
In base 5, what is 211 - -43304240?
43310001
In base 7, what is 1 + -424215653?
-424215652
In base 4, what is 1130100020232 - 103?
1130100020123
In base 14, what is b370b5 + -5?
b370b0
In base 15, what is 986eb1 + -5?
986eab
In base 4, what is 2300 - 123110122232?
-123110113332
In base 15, what is -48d950 - -b?
-48d944
In base 12, what is 5 + 976b38?
976b41
In base 16, what is -17172 + 56c?
-16c06
In base 8, what is 2 + 54222164?
54222166
In base 9, what is -1152 + -141331?
-142483
In base 2, what is -1011000100111 + -111001100111001110?
-111010111111110101
In base 2, what is -111000101100 + -1011011?
-111010000111
In base 6, what is -15 + -555455324?
-555455343
In base 11, what is -547 - -1313a?
126a3
In base 16, what is 12fd74 - 3?
12fd71
In base 7, what is 1150015411 + -5?
1150015403
In base 7, what is -2065 + 346045?
343650
In base 13, what is 70 - -14575?
14615
In base 4, what is 211 - 1332112203?
-1332111332
In base 16, what is -2735 + -152d?
-3c62
In base 8, what is 375 - -1571125?
1571522
In base 9, what is -1816 - -12118?
10202
In base 4, what is -11 + 203111121000?
203111120323
In base 14, what is 1c - -668c609?
668c627
In base 8, what is -667761 - -2420?
-665341
In base 14, what is 2550c + -53c?
24db0
In base 13, what is a47198c - -2?
a471991
In base 4, what is -322 + 3300131033?
3300130111
In base 16, what is -384b9c - -1a?
-384b82
In base 3, what is 101200112 + 110102221?
212010110
In base 8, what is 23 - 632575?
-632552
In base 3, what is 22021012201 - 11200?
22021001001
In base 12, what is 19 + -b3ab?
-b392
In base 7, what is 5664 + -324621?
-315624
In base 4, what is 12031 + 10010323?
10023020
In base 16, what is -61b9 + -63b7?
-c570
In base 3, what is 221010122 + -102020?
220201102
In base 3, what is -200 + -212111200021112?
-212111200022012
In base 2, what is 11100101101101 - 1100001001111?
10000100011110
In base 2, what is 100010 - -1010001110000001?
1010001110100011
In base 2, what is 1001110000111010001 - -1001?
1001110000111011010
In base 10, what is -408107 - 106?
-408213
In base 10, what is 2 - -842396?
842398
In base 2, what is -111 - -1000000111010010111100?
1000000111010010110101
In base 11, what is -259139 - 948?
-259a86
In base 3, what is 0 + 1220111021011211?
1220111021011211
In base 6, what is -112522040151 + -5?
-112522040200
In base 13, what is -30c0127 - -70?
-30c0087
In base 4, what is 1 + -10012232302001?
-10012232302000
In base 3, what is 102001202100110 + 10?
102001202100120
In base 12, what is -1 - -29a71792?
29a71791
In base 2, what is -100000111000010 - -11011010001?
-11101011110001
In base 16, what is -48624 - -2b?
-485f9
In base 14, what is 57 + -2cd00?
-2cc87
In base 7, what is 30604 - 2542?
25032
In base 10, what is -666737 - -153?
-666584
In base 10, what is -8777059 + -1?
-8777060
In base 12, what is -5a9a0b + 4?
-5a9a07
In base 13, what is -a373 + 1321?
-9052
In base 5, what is 11234201 + -214?
11233432
In base 12, what is b293a31 - -6?
b293a37
In base 3, what is 20211202220020 - 10?
20211202220010
In base 13, what is -41 + -437c41?
-437c82
In base 2, what is -1111 + 1110110100000000010?
1110110011111110011
In base 10, what is -721922 - -112?
-721810
In base 8, what is 61 + 675247?
675330
In base 12, what is -21741a6 - -3?
-21741a3
In base 2, what is -11111101 - 1011001011101100?
-1011001111101001
In base 7, what is 4 + 52552032?
52552036
In base 9, what is 71 - -1553320?
1553401
In base 3, what is -10100110000021 + 0?
-10100110000021
In base 11, what is 4aa162 - 538?
4a9725
In base 6, what is -134 - 12351522?
-12352100
In base 16, what is -2806f - -12?
-2805d
In base 6, what is -32041 - -45001?
12520
In base 14, what is 25933 + 22a?
25b5d
In base 13, what is -36152 - 49?
-3619b
In base 7, what is -441632456 - 26?
-441632515
In base 10, what is 25937 - -3168?
29105
In base 9, what is 17 + 1364624?
1364642
In base 9, what is 605030 - 12?
605017
In base 11, what is 0 - -1348808?
1348808
In base 12, what is -1736a50 + -5?
-1736a55
In base 5, what is -1 + -101200020?
-101200021
In base 4, what is -332130012 - 11302?
-332201320
In base 6, what is -1 + 5450300210?
5450300205
In base 16, what is -5 + 1a3d51?
1a3d4c
In base 6, what is 33554543 - 44?
33554455
In base 9, what is -511165 - 28?
-511204
In base 12, what is -1b7a7 - 4?
-1b7ab
In base 10, what is 5 + 57331372?
57331377
In base 5, what is 3424444230 + 3?
3424444233
In base 14, what is -4983 - -442?
-4541
In base 14, what is 26 - -6d1751?
6d1777
In base 11, what is 96 - -455109?
4551a4
In base 5, what is 13442424 - 44?
13442330
In base 8, what is -323634236 + -1?
-323634237
In base 2, what is 1100000 - -1100000110101101101001?
1100000110101111001001
In base 12, what is 34 + -1797102?
-179708a
In base 4, what is -33022 + -330321?
-1030003
In base 15, what is -c48 - -17d?
-aba
In base 10, what is -8648181 - -5?
-8648176
In base 12, what is -110b67a59 - 4?
-110b67a61
In base 14, what is 5 + -2b159cd?
-2b159c8
In base 15, what is 24107d - -5?
241083
In base 7, what is -4636 + 14410?
6441
In base 12, what is 204b4 + -1436?
1b07a
In base 7, what is -5645445 + -65?
-5645543
In base 7, what is 14324 + 254555?
302212
In base 3, what is 10011 - 2002100121101?
-2002100111020
In base 12, what is -6a - -1328856?
13287a8
In base 9, what is -862 + -35027?
-36000
In base 15, what is 5a1e + -22b?
57e3
In base 4, what is 12011031123221 - 11?
12011031123210
In base 6, what is 22553 - -124430?
151423
In base 4, what is 2 + 100312211322?
100312211330
In base 13, what is 1a43 + -1b682?
-1993c
In base 7, what is -450 + 4465621?
4465141
In base 10, what is 483056 - -1?
483057
In base 16, what is -2ff99c + -4?
-2ff9a0
In base 13, what is -a + 1531c8?
1531bb
In base 9, what is 7554606 + -2?
7554604
In base 3, what is -220021112 + -12221200?
-1010020012
In base 11, what is 1385a66 - 11?
1385a55
In base 11, what is 25327 + -a93?
24344
In base 12, what is 1aaa + -5b18?
-402a
In base 10, what is -750 + -4723?
-5473
In base 10, what is -18513 + 1136?
-17377
In base 3, what is 110111202 + -1101022211?
-220211002
In base 15, what is -50831 + 67?
-507b9
In base 10, what is -2635424 + -116?
-2635540
In base 7, what is -32140 - -5416?
-23421
In base 13, what is -1 + 5c48271?
5c48270
In base 15, what is 714da - 264?
71276
In base 7, what is -313314051 + 2?
-313314046
In base 10, what is -825545 - -176?
-825369
In base 10, what is -643 + 1835?
1192
In base 3, what is -1 + 2020101200221102?
2020101200221101
In base 6, what is 53455011 + -4?
53455003
In base 15, what is -1e791 + 12a?
-1e666
In base 8, what is 2 - -54165431?
54165433
In base 4, what is -1131232 - -103031?
-1022201
In base 12, what is -1008 + 2453?
1447
In base 10, what is -66202 + -87?
-66289
In base 12, what is -119202 - -1?
-119201
In base 11, what is -3405873 - 6?
-3405879
In base 11, what is 6309a + 17?
63106
In base 13, what is 398 - 102ba?
-cc22
In base 13, what is -1 + 25564ba2?
25564ba1
In base 9, what is -587 - -32413?
31715
In base 5, what is 10323044013 + -2?
10323044011
In base 8, what is 3 - -2321070?
2321073
In base 11, what is 35 + -2915088?
-2915053
In base 15, what is 2ac576 - 3d?
2ac538
In base 15, what is -c561 - 332b?
-1088c
In base 7, what is -36451 - 444?
-40225
In base 16, what is 8ed7a + -1?
8ed79
In bas